{"id":1033,"date":"2021-07-03T05:08:28","date_gmt":"2021-07-03T05:08:28","guid":{"rendered":"https:\/\/www.munikanaris.gob.pe\/?page_id=1033"},"modified":"2024-06-26T17:36:14","modified_gmt":"2024-06-26T17:36:14","slug":"mision","status":"publish","type":"page","link":"https:\/\/www.munikanaris.gob.pe\/nuevo\/mision\/","title":{"rendered":"MISION"},"content":{"rendered":"\t\t<div data-elementor-type=\"wp-page\" data-elementor-id=\"1033\" class=\"elementor elementor-1033\">\n\t\t\t\t<div class=\"elementor-element elementor-element-77bdd25b e-flex e-con-boxed e-con e-parent\" data-id=\"77bdd25b\" data-element_type=\"container\">\n\t\t\t\t\t<div class=\"e-con-inner\">\n\t\t\t\t<div class=\"elementor-element elementor-element-41ff7ed elementor-widget elementor-widget-text-editor\" data-id=\"41ff7ed\" data-element_type=\"widget\" data-widget_type=\"text-editor.default\">\n\t\t\t\t<div class=\"elementor-widget-container\">\n\t\t\t<style>\/*! elementor - v3.22.0 - 26-06-2024 *\/\n.elementor-widget-text-editor.elementor-drop-cap-view-stacked .elementor-drop-cap{background-color:#69727d;color:#fff}.elementor-widget-text-editor.elementor-drop-cap-view-framed .elementor-drop-cap{color:#69727d;border:3px solid;background-color:transparent}.elementor-widget-text-editor:not(.elementor-drop-cap-view-default) .elementor-drop-cap{margin-top:8px}.elementor-widget-text-editor:not(.elementor-drop-cap-view-default) .elementor-drop-cap-letter{width:1em;height:1em}.elementor-widget-text-editor .elementor-drop-cap{float:left;text-align:center;line-height:1;font-size:50px}.elementor-widget-text-editor .elementor-drop-cap-letter{display:inline-block}<\/style>\t\t\t\t<p style=\"text-align: justify;\"><span style=\"color: #000000;\">Ka\u00f1aris es un Distrito con visi\u00f3n a \u201cVelar por la adecuada provisi\u00f3n de bienes y servicios de calidad para todas y todos los pobladores ca\u00f1arenses, buscando contribuir al desarrollo sostenible del Distrito de modo que impacte en su bienestar general.\u201d Siendo un distrito alto andino de la regi\u00f3n &#8211; Lambayeque que promueve una gesti\u00f3n p\u00fablica democr\u00e1tica, participativa y transparente, que aprovecha responsablemente sus recursos naturales, preservando el medio ambiente, con ciudadanos ejerciendo pleno usos de sus derechos humanos, construyendo una comunidad saludable con identidad cultural que permita, superar la pobreza\u201d.<\/span><\/p>\t\t\t\t\t\t<\/div>\n\t\t\t\t<\/div>\n\t\t\t\t\t<\/div>\n\t\t\t\t<\/div>\n\t\t\t\t<\/div>\n\t\t","protected":false},"excerpt":{"rendered":"<p>Ka\u00f1aris es un Distrito con visi\u00f3n a \u201cVelar por la adecuada provisi\u00f3n de bienes y servicios de calidad para todas y todos los pobladores ca\u00f1arenses, buscando contribuir al desarrollo sostenible del Distrito de modo que impacte en su bienestar general.\u201d Siendo un distrito alto andino de la regi\u00f3n &#8211; Lambayeque que promueve una gesti\u00f3n p\u00fablica [&hellip;]<\/p>\n","protected":false},"author":1,"featured_media":0,"parent":0,"menu_order":0,"comment_status":"closed","ping_status":"closed","template":"","meta":{"footnotes":""},"class_list":["post-1033","page","type-page","status-publish","hentry"],"_links":{"self":[{"href":"https:\/\/www.munikanaris.gob.pe\/nuevo\/wp-json\/wp\/v2\/pages\/1033","targetHints":{"allow":["GET"]}}],"collection":[{"href":"https:\/\/www.munikanaris.gob.pe\/nuevo\/wp-json\/wp\/v2\/pages"}],"about":[{"href":"https:\/\/www.munikanaris.gob.pe\/nuevo\/wp-json\/wp\/v2\/types\/page"}],"author":[{"embeddable":true,"href":"https:\/\/www.munikanaris.gob.pe\/nuevo\/wp-json\/wp\/v2\/users\/1"}],"replies":[{"embeddable":true,"href":"https:\/\/www.munikanaris.gob.pe\/nuevo\/wp-json\/wp\/v2\/comments?post=1033"}],"version-history":[{"count":7,"href":"https:\/\/www.munikanaris.gob.pe\/nuevo\/wp-json\/wp\/v2\/pages\/1033\/revisions"}],"predecessor-version":[{"id":17935,"href":"https:\/\/www.munikanaris.gob.pe\/nuevo\/wp-json\/wp\/v2\/pages\/1033\/revisions\/17935"}],"wp:attachment":[{"href":"https:\/\/www.munikanaris.gob.pe\/nuevo\/wp-json\/wp\/v2\/media?parent=1033"}],"curies":[{"name":"wp","href":"https:\/\/api.w.org\/{rel}","templated":true}]}}